actors of 1*(-2)/(-1) - -9246.
2, 17
Suppose 5*h = 2*m + 2716, -3*h + 2184 = h + 4*m. Suppose -5*k = -4*u + 139 - 818, 0 = 4*k - 3*u - h. List the prime factors of k.
139
Suppose -4*h + 3*v = 8, 2*v + 3 = -4*h - 5. List the prime factors of (-1)/(195/999 + h/9).
37
Suppose 3*j + 27*j + 44340 = 0. Let y = j - -2785. What are the prime factors of y?
1307
Let k be ((-32)/5)/((-1)/145). Let y(f) = -f**3 + 3*f**2 - 3*f + 11. Let b be y(2). Suppose -b*n + n = -k. List the prime factors of n.
2, 29
Suppose -5*u + 90 = -4*m, 5*u + 0*m - m = 105. Let y(b) be the third derivative of b**4/3 + 9*b**3/2 - 3*b**2. List the prime factors of y(u).
7, 29
Suppose -5*h + 12930 = -3*q - 11677, 0 = -2*h - 4*q + 9822. List the prime factors of h.
4919
Let q(n) = -5*n - 2 - n + 3*n**2 - 2*n - 6. Let c be q(4). Suppose -5*a - 567 = -c*a. List the prime factors of a.
3, 7
Suppose 1274173 - 34306 = 73*b - 1348275. List the prime factors of b.
2, 3, 19, 311
Let i(u) = 2*u**3 + 13*u**2 - 8*u + 3. Let t be i(-7). Let v be ((-236)/t)/(2/10). Let a = 195 + v. What are the prime factors of a?
7, 11
Let c(o) = 346*o**2 + 109*o - 1223. What are the prime factors of c(10)?
3, 11489
Let f(k) = -2*k + 14. Let n be f(5). Suppose 2*g = 5*h + 18, g + n*h + 20 = -3*g. What are the prime factors of (0 - g)/((-5)/(2460/(-4)))?
3, 41
Suppose 2*k = -2*m + 3192, -3*m + 860 = -2*k - 3903. List the prime factors of m.
37, 43
Suppose -5*z - 4*a + 60 = 0, -4*z = -2*z + 3*a - 24. Suppose p + 5*l = -z - 11, p + 4*l + 22 = 0. What are the prime factors of (-99 + p/3)*14/(-6)?
5, 7
Suppose 4 = 4*m, 2*b = 3*m + 48007 + 83768. What are the prime factors of b?
3, 7321
Let t(v) = -v**3 - 8*v**2 - 10*v - 44. Let p be t(-8). What are the prime factors of 1/3 + 1*16044/p?
2, 223
Let r(v) = -4 + 1 - 3 - 2 + 5*v. Let m be r(2). List the prime factors of 73/m*(4 + 2).
3, 73
Let o be (-1 - 815)*(-1)/(56/546). Suppose 0 = -4*t - 2752 + o. List the prime factors of t.
1301
Let a(k) = -2*k**2 + 3*k + 4. Let x be a(5). Let u = x - -37. Suppose u*i - 41 = 2*i - r, i + 1 = -4*r. List the prime factors of i.
11
Let w = 58 + -55. Let j(p) = -p**2 - 2*p**3 - 26 - 3*p**2 + 7 - 2*p + 3*p**w. What are the prime factors of j(6)?
41
Suppose 22 = 2*q + 2. Suppose 3*d - 16 = -q. Suppose d*b + 5*y - 285 = 0, -b = -y - 159 + 27. List the prime factors of b.
3, 5
Suppose 0 = 3*b + 8*b + 869. Let c = 107 + b. Suppose -29*l + 70 = -c*l. List the prime factors of l.
2, 5, 7
Let b be 6 + 5 + (-9 - -1). Suppose b*h + 2*r = 17, 0*h = -5*h - 5*r + 30. Suppose 0 = d + h*a - 219, -d + 5*a + 757 = 2*d. List the prime factors of d.
2, 61
Suppose 0 = -30*k + 218*k - 8954683 - 5295153. List the prime factors of k.
75797
Suppose -5*z - 4*h + 42 = -8*h, 15 = -5*h. Suppose z = r - 2*f, 3*f - 4 = -16. List the prime factors of (-280)/r - (2 - 3).
3, 47
Let f be -1 + 52 + (-45)/(-15). Suppose -57*y - 27 = -f*y. Let u(j) = 3*j**2 + 9*j - 10. List the prime factors of u(y).
2, 19
Let j(t) = -2*t - 30. Let w be j(-27). Suppose w*z = 8*z + 9344. What are the prime factors of z?
2, 73
Suppose 3*w + 3*m = -w + 29781, 2*w - 14893 = m. List the prime factors of w.
2, 3, 17, 73
Let i(g) = -60*g + 380. Let h be i(6). Let u(s) = -s**2 + 61*s + 16. What are the prime factors of u(h)?
2, 11, 19
Let b = -931 + 643. Let u = 384 - b. List the prime factors of u.
2, 3, 7
Let t(l) = 3916*l - 4751. What are the prime factors of t(10)?
19, 1811
Suppose -3*d + 2*g + 43757 = 0, 8*g = -d + 10*g + 14579. What are the prime factors of d?
3, 1621
List the prime factors of -2 + (-80)/(-36) - ((-33854)/18 + 0).
3, 11, 19
List the prime factors of (24652/(-15)*(-80)/(-48))/(22/(-99)).
2, 6163
Suppose -2*a = 5*a - a - 156102. What are the prime factors of a?
26017
Let k = 53 + -53. Suppose k = 5*x + 2 + 18. List the prime factors of (((-50)/x)/(-5))/((-2)/92).
5, 23
Let r = -6036 + 10146. List the prime factors of r.
2, 3, 5, 137
Let x(a) = -60*a**3 - 7*a**2 - 54*a + 53. What are the prime factors of x(-8)?
30757
Suppose 2*f + 13*f - 6930 = 0. Let q = 705 - f. Suppose q = 5*i - 402. What are the prime factors of i?
3, 43
Let s(y) be the first derivative of 9 - 2*y**2 + 26*y + 2/3*y**3. List the prime factors of s(5).
2, 7
Let l = 194 + -307. Let h = l - -1555. What are the prime factors of h?
2, 7, 103
Let l(a) = 113*a**2 + 28*a - 28 - 228*a**2 + 114*a**2. Let h be l(18). Suppose f = 26 + h. List the prime factors of f.
2, 89
Let y = 285 + -277. What are the prime factors of (-10)/y*(-181 - -5)?
2, 5, 11
Suppose -8*x = -4*x - 312. Let k be 2/(-12) + 22711/x. List the prime factors of (3*(k/(-9) - 2))/(-1).
103
Suppose 2*v + 10 = 2*s, s + 3*v - 4 = -19. Suppose 2*h - 888 = -4*f, -4*h + 14*f - 13*f + 1767 = s. List the prime factors of h.
2, 13, 17
Suppose 0 = 6*v - 6 + 12. Let n(y) = 7*y**2 - y - 2. Let f be n(v). Suppose 1054 = f*x + 172. What are the prime factors of x?
3, 7
Let c(q) = 3 - 2 + 6 - 68*q - 5. What are the prime factors of c(-1)?
2, 5, 7
Suppose g + 4 = -3*q + 4*q, -5*q = -4*g - 17. Let w be (-1)/((g/(-10))/((-6)/(-5))). What are the prime factors of ((-9)/w)/(-4 + 1641/408)?
2, 3, 17
Suppose 2*x - 23*u + 28*u - 3143 = 0, -3*x - 4*u + 4718 = 0. List the prime factors of x.
2, 787
Let v be 0 - (7/4)/(5/(-20)). Suppose 3*b - v*b = -16. Suppose 312 = b*s + 4*a, 3*s - 4*a - 282 = -48. List the prime factors of s.
2, 3, 13
Suppose 348 = -b - 28*b. List the prime factors of -1*(9738/(-8) - 3/b).
1217
Let z(r) be the third derivative of -5*r**4/8 - 7*r**3/3 + 6*r**2. Let b be z(-9). Let u = 203 - b. List the prime factors of u.
2, 41
Let w be -4 + (3 - 2) + 13. Let h = w - -40. Suppose 0 = 17*k - 19*k + h. List the prime factors of k.
5
Let l(r) = 4*r**3 + 3*r**2 - 36*r + 43. What are the prime factors of l(9)?
2, 1439
Let o be (34/(-51))/((-4)/30). Suppose o*h = 25, 0*h - 4*h = 4*x - 1732. List the prime factors of x.
2, 107
Let r be 36/(-45)*(-45)/2. Suppose r + 153 = h. What are the prime factors of 2*(6/3 + h/2)?
5, 7
Suppose 0 = -2*d + 4, -2*x = -0*d - 2*d + 8. Let f be (-536)/44 + 12 - 60/33. What are the prime factors of 2 - -93 - (1 - x) - f?
2, 47
Let g = -207 + -151. Let i = g - -1514. What are the prime factors of i?
2, 17
Suppose -5*c - 15 + 2365 = 0. Suppose o - k - c = -5*k, 4*o = -3*k + 1932. List the prime factors of o.
2, 3
Let b be -5*(-1 - -4 - -6). Suppose -2*z - x + 239 = 4*x, -3*z + 370 = -4*x. Let m = z + b. List the prime factors of m.
7, 11
Let g be (-16 - -7)*-1 + -7. Let r(u) = 12*u**3 - 5*u**2 - 3*u - 1. Let h be r(4). Suppose -g*p = 3*p - h. List the prime factors of p.
3, 5
Let f = -464 + 687. Let n = f - 123. Let c = n - 70. What are the prime factors of c?
2, 3, 5
Let c = 1288 - 2061. Let g = c - -1163. List the prime factors of g.
2, 3, 5, 13
Let k(r) = r**3 + 12*r**2 + r + 12. Let b be k(-12). Suppose l - 3*l - 6 = b. What are the prime factors of l/6*8 + 106?
2, 3, 17
Let p be (-9)/(3/1) - (-9)/3. Suppose p = -i - 10 - 60. List the prime factors of (-9352)/i + 3/(-5).
7, 19
Suppose -7*m - 148 = 132. Let j = m + 43. Suppose 0 = q + b + j - 21, 5*b = 4*q - 99. List the prime factors of q.
3, 7
Suppose 5*l + 27 = 8*l. Suppose -2*g + 43 = l. Suppose 4*b = w - g, 4*w + 6*b - b = 47. List the prime factors of w.
13
List the prime factors of (1742 + -492)/((-1)/33*-2).
3, 5, 11
Let w be ((-8)/(-12))/(2/(-6)) + 82. Let u = w - 120. Let h = u - -51. What are the prime factors of h?
11
Let c be 641*(1/(-2) + (-9)/6). List the prime factors of (c/(-10) + -1)/((-10)/(-50)).
2, 3, 53
Let u(j) = -142*j - 1601. What are the prime factors of u(-12)?
103
Suppose -187*g - 10352 = -2811133 - 1800915. What are the prime factors of g?
2, 769
List the prime factors of ((-12560)/56 - -24)*17*-7.
2, 17, 701
Let n be (3 - 4)/((-4)/(-24)). List the prime factors of (-808)/(-16)*(-4 - n).
101
Suppose 0 = 8*z - 1270 - 1378. Suppose -z = -5*o + 1109. Suppose o = 6*h - 204. What are the prime factors of h?
2, 41
Let h(n) = 12*n**2 + 21*n + 18900. List the prime factors of h(0).
2, 3, 5, 7
Let o be 653/2 - 30/(-20). Let s = o - -26. What are the prime factors of s?
2, 3, 59
Let f(i) be the third derivative of 1/10*i**5 + 5/24*i**4 - i**3 - 15*i**2 + 0 + 0*i. List the prime factors of f(4).
2, 5, 11
Suppose -j = -0*j + 8. Let r(d) = 2*d**2 + 4*d - 16. Let t